{"id":7242,"date":"2025-01-06T12:38:47","date_gmt":"2025-01-06T15:38:47","guid":{"rendered":"https:\/\/jardimperdizes.com\/?page_id=7242"},"modified":"2026-01-19T15:44:52","modified_gmt":"2026-01-19T18:44:52","slug":"homepage-3","status":"publish","type":"page","link":"https:\/\/jardimperdizes.com\/","title":{"rendered":"Homepage #3"},"content":{"rendered":"\n<div class=\"wp-block-cover alignfull\" style=\"min-height:100vh;aspect-ratio:unset;\"><span aria-hidden=\"true\" class=\"wp-block-cover__background has-foreground-background-color has-background-dim-60 has-background-dim\"><\/span><img loading=\"lazy\" decoding=\"async\" width=\"1080\" height=\"854\" class=\"wp-block-cover__image-background wp-image-7345\" alt=\"\" src=\"http:\/\/jardimperdizes.com\/wp-content\/uploads\/2026\/01\/Foto_recortada_1.jpg\" data-object-fit=\"cover\" srcset=\"https:\/\/jardimperdizes.com\/wp-content\/uploads\/2026\/01\/Foto_recortada_1.jpg 1080w, https:\/\/jardimperdizes.com\/wp-content\/uploads\/2026\/01\/Foto_recortada_1-300x237.jpg 300w, https:\/\/jardimperdizes.com\/wp-content\/uploads\/2026\/01\/Foto_recortada_1-1024x810.jpg 1024w\" sizes=\"auto, (max-width: 1080px) 100vw, 1080px\" \/><div class=\"wp-block-cover__inner-container has-global-padding is-layout-constrained wp-block-cover-is-layout-constrained\">\n<p><\/p>\n\n\n\n<h1 class=\"wp-block-heading has-text-align-center has-white-color has-text-color has-max-72-font-size\">Terreno Comercial 800m\u00b2 \u2013 Av. Dona Sophia<\/h1>\n\n\n\n<p class=\"has-text-align-center has-white-color has-text-color has-medium-font-size\">Excelente terreno de 800m\u00b2 situado estrategicamente em uma das \u00e1reas de grande valoriza\u00e7\u00e3o de Maring\u00e1, em pleno crescimento e com grande potencial econ\u00f4mico.<\/p>\n\n\n\n<p class=\"has-text-align-center has-white-color has-text-color has-medium-font-size\">Confira detalhes abaixo \u2b07\u2b07<\/p>\n\n\n\n<hr class=\"wp-block-separator has-text-color has-alpha-channel-opacity has-background is-style-default\" style=\"margin-top:var(--wp--preset--spacing--x-small);margin-bottom:var(--wp--preset--spacing--x-small);background-color:#ffffff47;color:#ffffff47\"\/>\n\n\n\n<div class=\"wp-block-columns is-layout-flex wp-container-core-columns-is-layout-1 wp-block-columns-is-layout-flex\">\n<div class=\"wp-block-column has-white-color has-text-color has-link-color wp-elements-816e36895232587d6dc01740571014a6 is-layout-flow wp-block-column-is-layout-flow\">\n<h2 class=\"wp-block-heading has-text-align-center has-large-font-size\">Av. Dona Sophia Rasgulaeff <\/h2>\n\n\n\n<h2 class=\"wp-block-heading has-text-align-center has-large-font-size\">Maring\u00e1 &#8211; PR<\/h2>\n<\/div>\n\n\n\n<div class=\"wp-block-column has-white-color has-text-color has-link-color wp-elements-0318b883cc05b929c4b7924b26a5b805 is-layout-flow wp-block-column-is-layout-flow\">\n<h2 class=\"wp-block-heading has-text-align-center has-large-font-size\">\u00c1rea: 800m2 &#8211; 16 x 50m<\/h2>\n\n\n\n<h2 class=\"wp-block-heading has-text-align-center has-large-font-size\">R$ 989.000<\/h2>\n<\/div>\n<\/div>\n\n\n\n<div style=\"height:36px\" aria-hidden=\"true\" class=\"wp-block-spacer\"><\/div>\n\n\n\n<div class=\"wp-block-buttons is-horizontal is-content-justification-center is-layout-flex wp-container-core-buttons-is-layout-1 wp-block-buttons-is-layout-flex\" style=\"margin-top:var(--wp--preset--spacing--small);margin-bottom:var(--wp--preset--spacing--small)\">\n<div class=\"wp-block-button has-custom-font-size is-style-outline has-small-font-size is-style-outline--1\" style=\"font-style:normal;font-weight:600\"><a class=\"wp-block-button__link has-background-color has-text-color has-link-color wp-element-button\" href=\"https:\/\/api.whatsapp.com\/send\/?phone=5511982128987&amp;text=Ol%C3%A1!%20Tenho%20interesse%20no%20terreno%20localizado%20na%20Av.%20Sophia%20Rasgulaeff%20-%20Jardim%20Alvorada%20em%20Maring%C3%A1\/PR.%20Gostaria%20de%20informa%C3%A7%C3%B5es.&amp;type=phone_number&amp;app_absent=0\" style=\"border-radius:0px\" target=\"_blank\" rel=\"noreferrer noopener\">Tel<strong>\/WhatsApp: <strong><strong><strong>11 98212 8987<\/strong><\/strong><\/strong><\/strong> &#8211; Clique Aqui \ud83d\udcf2\ud83d\udce9<\/a><\/div>\n<\/div>\n<\/div><\/div>\n\n\n\n<div class=\"wp-block-group has-global-padding is-layout-constrained wp-block-group-is-layout-constrained\">\n<div class=\"wp-block-group has-global-padding is-layout-constrained wp-block-group-is-layout-constrained\">\n<h2 class=\"wp-block-heading has-text-align-center has-large-font-size\" style=\"font-style:normal;font-weight:700\">Fotos \ud83d\udcf7<\/h2>\n\n\n\n<div class=\"wp-block-group has-global-padding is-layout-constrained wp-block-group-is-layout-constrained\">\n<hr class=\"wp-block-separator has-text-color has-lightgrey-color has-alpha-channel-opacity has-lightgrey-background-color has-background is-style-default\" style=\"margin-top:var(--wp--preset--spacing--small);margin-bottom:var(--wp--preset--spacing--small)\"\/>\n\n\n\n<figure class=\"wp-block-image aligncenter size-large\"><img loading=\"lazy\" decoding=\"async\" width=\"1024\" height=\"810\" src=\"https:\/\/jardimperdizes.com\/wp-content\/uploads\/2026\/01\/Foto_recortada_1-1024x810.jpg\" alt=\"\" class=\"wp-image-7345\" srcset=\"https:\/\/jardimperdizes.com\/wp-content\/uploads\/2026\/01\/Foto_recortada_1-1024x810.jpg 1024w, https:\/\/jardimperdizes.com\/wp-content\/uploads\/2026\/01\/Foto_recortada_1-300x237.jpg 300w, https:\/\/jardimperdizes.com\/wp-content\/uploads\/2026\/01\/Foto_recortada_1.jpg 1080w\" sizes=\"auto, (max-width: 1024px) 100vw, 1024px\" \/><\/figure>\n<\/div>\n\n\n\n<div class=\"wp-block-group has-global-padding is-layout-constrained wp-block-group-is-layout-constrained\">\n<hr class=\"wp-block-separator has-text-color has-lightgrey-color has-alpha-channel-opacity has-lightgrey-background-color has-background is-style-default\" style=\"margin-top:var(--wp--preset--spacing--small);margin-bottom:var(--wp--preset--spacing--small)\"\/>\n\n\n\n<figure class=\"wp-block-image aligncenter size-large\"><img loading=\"lazy\" decoding=\"async\" width=\"1024\" height=\"654\" src=\"https:\/\/jardimperdizes.com\/wp-content\/uploads\/2026\/01\/Foto_recortada_2-1024x654.jpg\" alt=\"\" class=\"wp-image-7346\" srcset=\"https:\/\/jardimperdizes.com\/wp-content\/uploads\/2026\/01\/Foto_recortada_2-1024x654.jpg 1024w, https:\/\/jardimperdizes.com\/wp-content\/uploads\/2026\/01\/Foto_recortada_2-300x192.jpg 300w, https:\/\/jardimperdizes.com\/wp-content\/uploads\/2026\/01\/Foto_recortada_2.jpg 1162w\" sizes=\"auto, (max-width: 1024px) 100vw, 1024px\" \/><\/figure>\n<\/div>\n\n\n\n<div class=\"wp-block-group has-global-padding is-layout-constrained wp-block-group-is-layout-constrained\">\n<hr class=\"wp-block-separator has-text-color has-lightgrey-color has-alpha-channel-opacity has-lightgrey-background-color has-background is-style-default\" style=\"margin-top:var(--wp--preset--spacing--small);margin-bottom:var(--wp--preset--spacing--small)\"\/>\n\n\n\n<figure class=\"wp-block-image aligncenter size-large\"><img loading=\"lazy\" decoding=\"async\" width=\"1024\" height=\"477\" src=\"http:\/\/jardimperdizes.com\/wp-content\/uploads\/2025\/01\/F04-1024x477.jpg\" alt=\"\" class=\"wp-image-7307\" srcset=\"https:\/\/jardimperdizes.com\/wp-content\/uploads\/2025\/01\/F04-1024x477.jpg 1024w, https:\/\/jardimperdizes.com\/wp-content\/uploads\/2025\/01\/F04-300x140.jpg 300w, https:\/\/jardimperdizes.com\/wp-content\/uploads\/2025\/01\/F04-2000x933.jpg 2000w\" sizes=\"auto, (max-width: 1024px) 100vw, 1024px\" \/><\/figure>\n<\/div>\n\n\n\n<div class=\"wp-block-group has-global-padding is-layout-constrained wp-block-group-is-layout-constrained\">\n<hr class=\"wp-block-separator has-text-color has-lightgrey-color has-alpha-channel-opacity has-lightgrey-background-color has-background is-style-default\" style=\"margin-top:var(--wp--preset--spacing--small);margin-bottom:var(--wp--preset--spacing--small)\"\/>\n\n\n\n<figure class=\"wp-block-image aligncenter size-large\"><img loading=\"lazy\" decoding=\"async\" width=\"870\" height=\"661\" src=\"https:\/\/jardimperdizes.com\/wp-content\/uploads\/2025\/01\/03.webp\" alt=\"\" class=\"wp-image-7300\" srcset=\"https:\/\/jardimperdizes.com\/wp-content\/uploads\/2025\/01\/03.webp 870w, https:\/\/jardimperdizes.com\/wp-content\/uploads\/2025\/01\/03-300x228.webp 300w\" sizes=\"auto, (max-width: 870px) 100vw, 870px\" \/><\/figure>\n<\/div>\n\n\n\n<div class=\"wp-block-group has-global-padding is-layout-constrained wp-block-group-is-layout-constrained\">\n<hr class=\"wp-block-separator has-text-color has-lightgrey-color has-alpha-channel-opacity has-lightgrey-background-color has-background is-style-default\" style=\"margin-top:var(--wp--preset--spacing--small);margin-bottom:var(--wp--preset--spacing--small)\"\/>\n\n\n\n<figure class=\"wp-block-image aligncenter size-full\"><img loading=\"lazy\" decoding=\"async\" width=\"867\" height=\"707\" src=\"http:\/\/jardimperdizes.com\/wp-content\/uploads\/2025\/01\/02-2.webp\" alt=\"\" class=\"wp-image-7299\" srcset=\"https:\/\/jardimperdizes.com\/wp-content\/uploads\/2025\/01\/02-2.webp 867w, https:\/\/jardimperdizes.com\/wp-content\/uploads\/2025\/01\/02-2-300x245.webp 300w\" sizes=\"auto, (max-width: 867px) 100vw, 867px\" \/><\/figure>\n<\/div>\n\n\n\n<div class=\"wp-block-group has-global-padding is-layout-constrained wp-block-group-is-layout-constrained\">\n<hr class=\"wp-block-separator has-text-color has-lightgrey-color has-alpha-channel-opacity has-lightgrey-background-color has-background is-style-default\" style=\"margin-top:var(--wp--preset--spacing--small);margin-bottom:var(--wp--preset--spacing--small)\"\/>\n\n\n\n<figure class=\"wp-block-image aligncenter size-large\"><img loading=\"lazy\" decoding=\"async\" width=\"1024\" height=\"768\" src=\"http:\/\/jardimperdizes.com\/wp-content\/uploads\/2025\/01\/PHOTO-2025-01-11-17-54-50-1024x768.jpg\" alt=\"\" class=\"wp-image-7309\" srcset=\"https:\/\/jardimperdizes.com\/wp-content\/uploads\/2025\/01\/PHOTO-2025-01-11-17-54-50-1024x768.jpg 1024w, https:\/\/jardimperdizes.com\/wp-content\/uploads\/2025\/01\/PHOTO-2025-01-11-17-54-50-300x225.jpg 300w, https:\/\/jardimperdizes.com\/wp-content\/uploads\/2025\/01\/PHOTO-2025-01-11-17-54-50.jpg 1600w\" sizes=\"auto, (max-width: 1024px) 100vw, 1024px\" \/><\/figure>\n<\/div>\n\n\n\n<div class=\"wp-block-group has-global-padding is-layout-constrained wp-block-group-is-layout-constrained\">\n<hr class=\"wp-block-separator has-text-color has-lightgrey-color has-alpha-channel-opacity has-lightgrey-background-color has-background is-style-default\" style=\"margin-top:var(--wp--preset--spacing--small);margin-bottom:var(--wp--preset--spacing--small)\"\/>\n\n\n\n<figure class=\"wp-block-image aligncenter size-large\"><img loading=\"lazy\" decoding=\"async\" width=\"1024\" height=\"571\" src=\"http:\/\/jardimperdizes.com\/wp-content\/uploads\/2025\/01\/JA-1-1024x571.png\" alt=\"\" class=\"wp-image-7308\" srcset=\"https:\/\/jardimperdizes.com\/wp-content\/uploads\/2025\/01\/JA-1-1024x571.png 1024w, https:\/\/jardimperdizes.com\/wp-content\/uploads\/2025\/01\/JA-1-300x167.png 300w, https:\/\/jardimperdizes.com\/wp-content\/uploads\/2025\/01\/JA-1.png 1235w\" sizes=\"auto, (max-width: 1024px) 100vw, 1024px\" \/><\/figure>\n<\/div>\n\n\n\n<hr class=\"wp-block-separator has-text-color has-lightgrey-color has-alpha-channel-opacity has-lightgrey-background-color has-background is-style-default\" style=\"margin-top:var(--wp--preset--spacing--small);margin-bottom:var(--wp--preset--spacing--small)\"\/>\n<\/div>\n\n\n\n<div class=\"wp-block-group has-global-padding is-layout-constrained wp-block-group-is-layout-constrained\">\n<div class=\"wp-block-group has-global-padding is-layout-constrained wp-block-group-is-layout-constrained\">\n<h2 class=\"wp-block-heading has-text-align-left has-large-font-size\" style=\"font-style:normal;font-weight:700\">Descri\u00e7\u00e3o do im\u00f3vel<\/h2>\n\n\n\n<p>Excelente terreno de 800m\u00b2 situado em uma das \u00e1reas de grande valoriza\u00e7\u00e3o de Maring\u00e1, em pleno crescimento e com grande potencial econ\u00f4mico \u2014 o Jardim Alvorada. Com localiza\u00e7\u00e3o privilegiada, em plena Avenida Dona Sophia Rasgulaeff, e, em bairro de r\u00e1pida expans\u00e3o, o lote apresenta-se como uma oportunidade excepcional de investimento para desenvolver seu projeto comercial.<\/p>\n\n\n\n<p>A apenas 5 km do centro de Maring\u00e1, o terreno destaca-se pela sua excelente localiza\u00e7\u00e3o, pr\u00f3ximo \u00e0s principais \u00e1reas da cidade. As avenidas do entorno, como Dona Sophia Rasgulaeff, Pedro Taques, Dr. Alexandre Rasgulaeff, Lucilio de Held e Bertioga, facilitam o tr\u00e2nsito e a conex\u00e3o com outras regi\u00f5es. O fluxo intenso nas vias r\u00e1pidas tamb\u00e9m atrai diversos com\u00e9rcios e servi\u00e7os, tornando o bairro uma regi\u00e3o estrat\u00e9gica para o seu neg\u00f3cio, com grande movimenta\u00e7\u00e3o de p\u00fablico e f\u00e1cil acesso para clientes e fornecedores.<\/p>\n\n\n\n<p>Dimens\u00f5es: 16 x 50m.<br>\u00c1rea: 800m2.<br>Localiza\u00e7\u00e3o: Av. Dona Sophia Rasgulaeff, Maring\u00e1 &#8211; PR<\/p>\n\n\n\n<p>Aproveite a chance de adquirir \u00e1rea com excelente potencial de retorno! \ud83d\udee0\ufe0f\ud83c\udfd7\ufe0f\ud83c\udf07\ud83d\udcbc\ud83d\udcb0\ud83d\ude80<\/p>\n\n\n\n<hr class=\"wp-block-separator has-text-color has-lightgrey-color has-alpha-channel-opacity has-lightgrey-background-color has-background is-style-default\" style=\"margin-top:var(--wp--preset--spacing--small);margin-bottom:var(--wp--preset--spacing--small)\"\/>\n<\/div>\n\n\n\n<h2 class=\"wp-block-heading has-text-align-left has-large-font-size\" style=\"font-style:normal;font-weight:700\">Pontos de interesse<\/h2>\n\n\n\n<div class=\"wp-block-columns is-layout-flex wp-container-core-columns-is-layout-2 wp-block-columns-is-layout-flex\">\n<div class=\"wp-block-column is-layout-flow wp-block-column-is-layout-flow\">\n<ul class=\"wp-block-list\">\n<li><strong>Facilidade de Transporte<\/strong> &#8211; Corredores de \u00f4nibus eficientes e acesso r\u00e1pido \u00e0s principais rodovias.<\/li>\n\n\n\n<li><strong>\u00c1rea Comercial em Crescimento<\/strong> &#8211; Crescente n\u00famero de com\u00e9rcios e servi\u00e7os no entorno.<\/li>\n\n\n\n<li><strong>Alta Circula\u00e7\u00e3o de Pessoas:<\/strong> A avenida \u00e9 uma via movimentada, garantindo excelente visibilidade e fluxo de clientes em potencial.<\/li>\n\n\n\n<li><strong>Diversidade de P\u00fablicos:<\/strong> A regi\u00e3o atrai moradores locais e consumidores de bairros vizinhos, favorecendo neg\u00f3cios variados.<\/li>\n\n\n\n<li><strong>Supermercados e Atacarejos<\/strong> &#8211; Grande oferta de supermercados como Assa\u00ed e Condor, facilitando o abastecimento.<\/li>\n\n\n\n<li><strong>Potencial de Crescimento:<\/strong> A valoriza\u00e7\u00e3o imobili\u00e1ria e os investimentos na regi\u00e3o indicam aumento na demanda comercial.<\/li>\n<\/ul>\n<\/div>\n\n\n\n<div class=\"wp-block-column is-layout-flow wp-block-column-is-layout-flow\">\n<ul class=\"wp-block-list\">\n<li><strong>Infraestrutura Urbana<\/strong> &#8211; Ruas asfaltadas, ilumina\u00e7\u00e3o p\u00fablica moderna e seguran\u00e7a crescente.<\/li>\n\n\n\n<li><strong>Mercado Imobili\u00e1rio Ativo<\/strong> &#8211; Valoriza\u00e7\u00e3o constante de im\u00f3veis residenciais e comerciais.<\/li>\n\n\n\n<li><strong>Localiza\u00e7\u00e3o Estrat\u00e9gica:<\/strong> F\u00e1cil acesso \u00e0s principais avenidas e rodovias de Maring\u00e1, ideal para log\u00edstica e distribui\u00e7\u00e3o.<\/li>\n\n\n\n<li><strong>Expans\u00e3o Comercial:<\/strong> O crescimento de novos empreendimentos e estabelecimentos comerciais refor\u00e7a o potencial de atra\u00e7\u00e3o de clientes.<\/li>\n\n\n\n<li><strong>Proximidade com Centros de Consumo:<\/strong> Pr\u00f3ximo a supermercados, escolas e outros com\u00e9rcios, criando sinergia para atrair consumidores.<\/li>\n<\/ul>\n<\/div>\n<\/div>\n<\/div>\n\n\n\n<div class=\"wp-block-group has-global-padding is-layout-constrained wp-block-group-is-layout-constrained\">\n<div class=\"wp-block-group has-global-padding is-layout-constrained wp-block-group-is-layout-constrained\">\n<h2 class=\"wp-block-heading has-text-align-left has-large-font-size\" style=\"font-style:normal;font-weight:700\">Condi\u00e7\u00f5es para venda<\/h2>\n\n\n\n<ol class=\"wp-block-list\">\n<li><strong>Valor (R$)<\/strong>: <strong>R$&nbsp;989.000<\/strong>.<\/li>\n\n\n\n<li>Aceita financiamento.<\/li>\n<\/ol>\n<\/div>\n\n\n\n<div class=\"wp-block-group has-global-padding is-layout-constrained wp-block-group-is-layout-constrained\">\n<div class=\"wp-block-buttons is-horizontal is-content-justification-center is-layout-flex wp-container-core-buttons-is-layout-2 wp-block-buttons-is-layout-flex\" style=\"margin-top:var(--wp--preset--spacing--small);margin-bottom:var(--wp--preset--spacing--small)\">\n<div class=\"wp-block-button has-custom-font-size is-style-outline has-small-font-size is-style-outline--2\" style=\"font-style:normal;font-weight:600\"><a class=\"wp-block-button__link wp-element-button\" href=\"https:\/\/api.whatsapp.com\/send\/?phone=5511982128987&amp;text=Ol%C3%A1!%20Tenho%20interesse%20no%20terreno%20localizado%20na%20Av.%20Sophia%20Rasgulaeff%20-%20Jardim%20Alvorada%20em%20Maring%C3%A1\/PR.%20Gostaria%20de%20informa%C3%A7%C3%B5es.&amp;type=phone_number&amp;app_absent=0\" style=\"border-radius:0px\" target=\"_blank\" rel=\"noreferrer noopener\">Tel<strong>\/WhatsApp: <strong><strong><strong>11 98212 8987<\/strong><\/strong><\/strong><\/strong> &#8211; Clique Aqui \ud83d\udcf2\ud83d\udce9<\/a><\/div>\n<\/div>\n\n\n\n<hr class=\"wp-block-separator has-text-color has-lightgrey-color has-alpha-channel-opacity has-lightgrey-background-color has-background is-style-default\" style=\"margin-top:var(--wp--preset--spacing--small);margin-bottom:var(--wp--preset--spacing--small)\"\/>\n\n\n\n<div class=\"wp-block-group has-global-padding is-layout-constrained wp-block-group-is-layout-constrained\">\n<h2 class=\"wp-block-heading has-large-font-size\" style=\"font-style:normal;font-weight:700\">Localiza\u00e7\u00e3o<\/h2>\n\n\n\n<p>Av. Dona Sophia Rasgulaeff, 1689 &#8211; Jardim Alvorada, Maring\u00e1 &#8211; PR, 87047-300<\/p>\n\n\n\n<iframe src=\"https:\/\/www.google.com\/maps\/embed?pb=!1m14!1m12!1m3!1d1126.3995124054334!2d-51.90733612544153!3d-23.399343196107903!2m3!1f0!2f0!3f0!3m2!1i1024!2i768!4f13.1!5e1!3m2!1spt-BR!2sbr!4v1736180887884!5m2!1spt-BR!2sbr\" width=\"100%\" height=\"650\" style=\"border:0;\" allowfullscreen=\"\" loading=\"lazy\" referrerpolicy=\"no-referrer-when-downgrade\"><\/iframe>\n<\/div>\n\n\n\n<div class=\"wp-block-group has-global-padding is-layout-constrained wp-block-group-is-layout-constrained\">\n<hr class=\"wp-block-separator has-text-color has-lightgrey-color has-alpha-channel-opacity has-lightgrey-background-color has-background is-style-default\" style=\"margin-top:var(--wp--preset--spacing--small);margin-bottom:var(--wp--preset--spacing--small)\"\/>\n\n\n\n<script>(function(t,e,s,n){var o,a,c;t.SMCX=t.SMCX||[],e.getElementById(n)||(o=e.getElementsByTagName(s),a=o[o.length-1],c=e.createElement(s),c.type=\"text\/javascript\",c.async=!0,c.id=n,c.src=\"https:\/\/widget.surveymonkey.com\/collect\/website\/js\/tRaiETqnLgj758hTBazgd95UQkcrcrBaWFlTlTmNx7XxXBO_2FVvV0NETPbrbjxOkG.js\",a.parentNode.insertBefore(c,a))})(window,document,\"script\",\"smcx-sdk\");<\/script><a style=\"font: 12px Helvetica, sans-serif; color: #999; text-decoration: none;\" href=pt.surveymonkey.com> Crie seu pr\u00f3prio question\u00e1rio de feedback de usu\u00e1rio <\/a>\n<\/div>\n<\/div>\n<\/div>\n<\/div>\n\n\n\n<div class=\"wp-block-group alignfull has-background has-global-padding is-layout-constrained wp-block-group-is-layout-constrained\" style=\"background-color:#e5e9ec;padding-top:var(--wp--preset--spacing--small);padding-bottom:var(--wp--preset--spacing--small)\">\n<div class=\"wp-block-columns is-layout-flex wp-container-core-columns-is-layout-3 wp-block-columns-is-layout-flex\" style=\"padding-right:0;padding-left:0\">\n<div class=\"wp-block-column is-vertically-aligned-center is-layout-flow wp-block-column-is-layout-flow\">\n<h2 class=\"wp-block-heading has-medium-font-size\" style=\"text-transform:uppercase\">JARDIM ALVORADA<\/h2>\n\n\n\n<p>O Jardim Alvorada, em Maring\u00e1, \u00e9 uma escolha estrat\u00e9gica para empres\u00e1rios que desejam construir suas empresas em uma regi\u00e3o em expans\u00e3o. Com localiza\u00e7\u00e3o privilegiada, acesso f\u00e1cil \u00e0s principais vias e infraestrutura robusta, o bairro oferece vantagens como custos competitivos, p\u00fablico diversificado e suporte log\u00edstico eficiente.  Investir no Jardim Alvorada \u00e9 apostar em valoriza\u00e7\u00e3o, visibilidade e oportunidades em um ambiente promissor para o sucesso empresarial.<\/p>\n<\/div>\n\n\n\n<div class=\"wp-block-column is-layout-flow wp-block-column-is-layout-flow\">\n<figure data-wp-context=\"{&quot;imageId&quot;:&quot;69d56bcc67a66&quot;}\" data-wp-interactive=\"core\/image\" class=\"wp-block-image size-full wp-lightbox-container\"><img loading=\"lazy\" decoding=\"async\" width=\"1235\" height=\"689\" data-wp-class--hide=\"state.isContentHidden\" data-wp-class--show=\"state.isContentVisible\" data-wp-init=\"callbacks.setButtonStyles\" data-wp-on-async--click=\"actions.showLightbox\" data-wp-on-async--load=\"callbacks.setButtonStyles\" data-wp-on-async-window--resize=\"callbacks.setButtonStyles\" src=\"http:\/\/jardimperdizes.com\/wp-content\/uploads\/2025\/01\/JA.png\" alt=\"\" class=\"wp-image-7274\" srcset=\"https:\/\/jardimperdizes.com\/wp-content\/uploads\/2025\/01\/JA.png 1235w, https:\/\/jardimperdizes.com\/wp-content\/uploads\/2025\/01\/JA-300x167.png 300w, https:\/\/jardimperdizes.com\/wp-content\/uploads\/2025\/01\/JA-1024x571.png 1024w\" sizes=\"auto, (max-width: 1235px) 100vw, 1235px\" \/><button\n\t\t\tclass=\"lightbox-trigger\"\n\t\t\ttype=\"button\"\n\t\t\taria-haspopup=\"dialog\"\n\t\t\taria-label=\"Aumentar imagem\"\n\t\t\tdata-wp-init=\"callbacks.initTriggerButton\"\n\t\t\tdata-wp-on-async--click=\"actions.showLightbox\"\n\t\t\tdata-wp-style--right=\"state.imageButtonRight\"\n\t\t\tdata-wp-style--top=\"state.imageButtonTop\"\n\t\t>\n\t\t\t<svg xmlns=\"http:\/\/www.w3.org\/2000\/svg\" width=\"12\" height=\"12\" fill=\"none\" viewBox=\"0 0 12 12\">\n\t\t\t\t<path fill=\"#fff\" d=\"M2 0a2 2 0 0 0-2 2v2h1.5V2a.5.5 0 0 1 .5-.5h2V0H2Zm2 10.5H2a.5.5 0 0 1-.5-.5V8H0v2a2 2 0 0 0 2 2h2v-1.5ZM8 12v-1.5h2a.5.5 0 0 0 .5-.5V8H12v2a2 2 0 0 1-2 2H8Zm2-12a2 2 0 0 1 2 2v2h-1.5V2a.5.5 0 0 0-.5-.5H8V0h2Z\" \/>\n\t\t\t<\/svg>\n\t\t<\/button><\/figure>\n<\/div>\n<\/div>\n<\/div>\n\n\n\n<p><\/p>\n","protected":false},"excerpt":{"rendered":"<p>Fotos \ud83d\udcf7 Descri\u00e7\u00e3o do im\u00f3vel Excelente terreno de 800m\u00b2 situado em uma das \u00e1reas de grande valoriza\u00e7\u00e3o de Maring\u00e1, em pleno crescimento e com grande potencial econ\u00f4mico \u2014 o Jardim Alvorada. Com localiza\u00e7\u00e3o privilegiada, em plena Avenida Dona Sophia Rasgulaeff, e, em bairro de r\u00e1pida expans\u00e3o, o lote apresenta-se como uma oportunidade excepcional de investimento &hellip; <\/p>\n<p class=\"link-more\"><a href=\"https:\/\/jardimperdizes.com\/\" class=\"more-link\">Leia mais<span class=\"screen-reader-text\"> &#8220;Homepage #3&#8221;<\/span><\/a><\/p>\n","protected":false},"author":1,"featured_media":0,"parent":0,"menu_order":0,"comment_status":"closed","ping_status":"closed","template":"page-templates\/homepage-no-hero.php","meta":{"footnotes":""},"class_list":["post-7242","page","type-page","status-publish","hentry"],"featured_media_urls":[],"_links":{"self":[{"href":"https:\/\/jardimperdizes.com\/index.php?rest_route=\/wp\/v2\/pages\/7242","targetHints":{"allow":["GET"]}}],"collection":[{"href":"https:\/\/jardimperdizes.com\/index.php?rest_route=\/wp\/v2\/pages"}],"about":[{"href":"https:\/\/jardimperdizes.com\/index.php?rest_route=\/wp\/v2\/types\/page"}],"author":[{"embeddable":true,"href":"https:\/\/jardimperdizes.com\/index.php?rest_route=\/wp\/v2\/users\/1"}],"replies":[{"embeddable":true,"href":"https:\/\/jardimperdizes.com\/index.php?rest_route=%2Fwp%2Fv2%2Fcomments&post=7242"}],"version-history":[{"count":58,"href":"https:\/\/jardimperdizes.com\/index.php?rest_route=\/wp\/v2\/pages\/7242\/revisions"}],"predecessor-version":[{"id":7363,"href":"https:\/\/jardimperdizes.com\/index.php?rest_route=\/wp\/v2\/pages\/7242\/revisions\/7363"}],"wp:attachment":[{"href":"https:\/\/jardimperdizes.com\/index.php?rest_route=%2Fwp%2Fv2%2Fmedia&parent=7242"}],"curies":[{"name":"wp","href":"https:\/\/api.w.org\/{rel}","templated":true}]}}